{"id":2,"date":"2021-02-19T13:00:00","date_gmt":"2021-02-19T13:00:00","guid":{"rendered":"http:\/\/localhost\/wordpress\/?page_id=2"},"modified":"2023-08-23T18:30:30","modified_gmt":"2023-08-23T17:30:30","slug":"uvodni-stranka","status":"publish","type":"page","link":"https:\/\/www.zschodov-nejdecka.cz\/index.php\/uvodni-stranka\/","title":{"rendered":"V\u00edtejte"},"content":{"rendered":"\n<p>V\u00edtejte na nov\u00fdch webov\u00fdch str\u00e1nk\u00e1ch <strong>3. z\u00e1kladn\u00ed \u0161koly Chodov, okres Sokolov, p\u0159\u00edsp\u011bvkov\u00e1 organizace<\/strong> &#8211; pracovi\u0161t\u011b Z\u0160 v Nejdeck\u00e9 254, 357 35 Chodov. Tyto str\u00e1nky jsou nov\u011b vytvo\u0159en\u00e9  v \u00fanoru 2021. <a href=\"https:\/\/www.specialniskolychodov.cz\/\">P\u016fvodn\u00ed web \u0161koly<\/a>    <\/p>\n\n\n\n<figure class=\"wp-block-video\"><video height=\"1080\" style=\"aspect-ratio: 1920 \/ 1080;\" width=\"1920\" autoplay controls loop src=\"https:\/\/www.zschodov-nejdecka.cz\/wp-content\/uploads\/2021\/02\/skola.mp4\"><\/video><\/figure>\n\n\n\n<p><strong>3. z\u00e1kladn\u00ed \u0161koly Chodov, okres Sokolov, p\u0159\u00edsp\u011bvkov\u00e1 organizace<\/strong> &#8211; pracovi\u0161t\u011b Z\u0160 v Nejdeck\u00e9 254, 357 35 Chodov poskytuje z\u00e1kladn\u00ed vzd\u011bl\u00e1n\u00ed d\u011btem s r\u016fzn\u00fdmi speci\u00e1ln\u00edmi vzd\u011bl\u00e1vac\u00edmi pot\u0159ebami. Sou\u010d\u00e1st\u00ed \u0161koly je p\u0159\u00edpravn\u00e1 t\u0159\u00edda z\u00e1kladn\u00ed \u0161koly. <\/p>\n\n\n\n<p>Zam\u011b\u0159ujeme se na vzd\u011bl\u00e1v\u00e1n\u00ed d\u011bt\u00ed s v\u00fdvojov\u00fdmi poruchami u\u010den\u00ed (dyslexie, dysortografie, dyskalkulie&#8230;), s komunika\u010dn\u00edmi poruchami, s poruchou pozornosti, PAS a tak\u00e9 na vzd\u011bl\u00e1v\u00e1n\u00ed d\u011bt\u00ed s r\u016fzn\u00fdm kombinovan\u00fdm posti\u017een\u00edm a ment\u00e1ln\u00edm posti\u017een\u00edm. <\/p>\n\n\n\n<p>\u0160kola m\u00e1 z\u0159\u00edzen\u00e9 t\u0159\u00eddy zvl\u00e1\u0161\u0165 pro d\u011bti s poruchami u\u010den\u00ed &#8211; <strong>dyslektick\u00e9 t\u0159\u00eddy<\/strong>, kde jsou d\u011bti vzd\u011bl\u00e1v\u00e1ny podle b\u011b\u017en\u00e9ho vzd\u011bl\u00e1vac\u00edho programu pro Z\u0160 a jsou jim poskytov\u00e1na podp\u016frn\u00e1 opat\u0159en\u00ed formou individualizace v\u00fduky, vyu\u017eit\u00ed speci\u00e1ln\u011b pedagogick\u00fdch metod a pom\u016fcek.<\/p>\n\n\n\n<p>D\u00e1le jsou ve \u0161kole t\u0159\u00eddy pro d\u011bti s lehk\u00fdm ment\u00e1ln\u00edm posti\u017een\u00edm a t\u0159\u00eddy Z\u0160 speci\u00e1ln\u00ed pro d\u011bti s kombinovan\u00fdm posti\u017een\u00edm, kde prob\u00edh\u00e1 vzd\u011bl\u00e1v\u00e1n\u00ed podle upraven\u00e9ho vzd\u011bl\u00e1vac\u00edho programu nebo vzd\u011bl\u00e1vac\u00edho programu Z\u0160 speci\u00e1ln\u00ed. Vzd\u011bl\u00e1v\u00e1n\u00ed je realizov\u00e1no v mal\u00fdch kolektivech, zpravidla podle individu\u00e1ln\u00edho vzd\u011bl\u00e1vac\u00edho pl\u00e1nu.<\/p>\n\n\n\n<p>Z\u0159izovatelem \u0161koly je <a rel=\"noreferrer noopener\" href=\"https:\/\/www.mestochodov.cz\/\" target=\"_blank\">M\u011bsto Chodov<\/a>, Komensk\u00e9ho 1077, 357 35 Chodov<\/p>\n\n\n\n<p><\/p>\n\n\n\n<p><\/p>\n","protected":false},"excerpt":{"rendered":"<p>V\u00edtejte na nov\u00fdch webov\u00fdch str\u00e1nk\u00e1ch 3. z\u00e1kladn\u00ed \u0161koly Chodov, okres Sokolov, p\u0159\u00edsp\u011bvkov\u00e1 organizace &#8211; pracovi\u0161t\u011b Z\u0160 v Nejdeck\u00e9 254, 357 &hellip; <\/p>\n","protected":false},"author":4,"featured_media":0,"parent":0,"menu_order":1,"comment_status":"closed","ping_status":"closed","template":"","meta":{"footnotes":""},"class_list":["post-2","page","type-page","status-publish","hentry"],"_links":{"self":[{"href":"https:\/\/www.zschodov-nejdecka.cz\/index.php\/wp-json\/wp\/v2\/pages\/2","targetHints":{"allow":["GET"]}}],"collection":[{"href":"https:\/\/www.zschodov-nejdecka.cz\/index.php\/wp-json\/wp\/v2\/pages"}],"about":[{"href":"https:\/\/www.zschodov-nejdecka.cz\/index.php\/wp-json\/wp\/v2\/types\/page"}],"author":[{"embeddable":true,"href":"https:\/\/www.zschodov-nejdecka.cz\/index.php\/wp-json\/wp\/v2\/users\/4"}],"replies":[{"embeddable":true,"href":"https:\/\/www.zschodov-nejdecka.cz\/index.php\/wp-json\/wp\/v2\/comments?post=2"}],"version-history":[{"count":29,"href":"https:\/\/www.zschodov-nejdecka.cz\/index.php\/wp-json\/wp\/v2\/pages\/2\/revisions"}],"predecessor-version":[{"id":4042,"href":"https:\/\/www.zschodov-nejdecka.cz\/index.php\/wp-json\/wp\/v2\/pages\/2\/revisions\/4042"}],"wp:attachment":[{"href":"https:\/\/www.zschodov-nejdecka.cz\/index.php\/wp-json\/wp\/v2\/media?parent=2"}],"curies":[{"name":"wp","href":"https:\/\/api.w.org\/{rel}","templated":true}]}}