{"id":2487,"date":"2022-02-02T19:55:32","date_gmt":"2022-02-02T18:55:32","guid":{"rendered":"https:\/\/www.zschodov-nejdecka.cz\/?page_id=2487"},"modified":"2025-01-02T09:30:45","modified_gmt":"2025-01-02T08:30:45","slug":"uredni-deska","status":"publish","type":"page","link":"https:\/\/www.zschodov-nejdecka.cz\/index.php\/uredni-deska\/","title":{"rendered":"\u00da\u0158EDN\u00cd DESKA"},"content":{"rendered":"\n<p><strong><a href=\"https:\/\/www.zschodov-nejdecka.cz\/wp-content\/uploads\/2025\/01\/Zverejnovane_informace_2024_1.pdf\">POVINN\u011a ZVE\u0158EJ\u0147OVAN\u00c9 INFORMACE \u0160KOLY<\/a><\/strong><\/p>\n\n\n\n<p><strong><a href=\"https:\/\/www.zschodov-nejdecka.cz\/wp-content\/uploads\/2025\/01\/Prohlaseni_o_pristupnosti_2025.pdf\">PROHL\u00c1\u0160EN\u00cd P\u0158\u00cdSTUPNOSTI<\/a><\/strong><\/p>\n\n\n\n<p><\/p>\n","protected":false},"excerpt":{"rendered":"<p>POVINN\u011a ZVE\u0158EJ\u0147OVAN\u00c9 INFORMACE \u0160KOLY PROHL\u00c1\u0160EN\u00cd P\u0158\u00cdSTUPNOSTI<\/p>\n","protected":false},"author":4,"featured_media":0,"parent":0,"menu_order":0,"comment_status":"closed","ping_status":"closed","template":"","meta":{"footnotes":""},"class_list":["post-2487","page","type-page","status-publish","hentry"],"_links":{"self":[{"href":"https:\/\/www.zschodov-nejdecka.cz\/index.php\/wp-json\/wp\/v2\/pages\/2487","targetHints":{"allow":["GET"]}}],"collection":[{"href":"https:\/\/www.zschodov-nejdecka.cz\/index.php\/wp-json\/wp\/v2\/pages"}],"about":[{"href":"https:\/\/www.zschodov-nejdecka.cz\/index.php\/wp-json\/wp\/v2\/types\/page"}],"author":[{"embeddable":true,"href":"https:\/\/www.zschodov-nejdecka.cz\/index.php\/wp-json\/wp\/v2\/users\/4"}],"replies":[{"embeddable":true,"href":"https:\/\/www.zschodov-nejdecka.cz\/index.php\/wp-json\/wp\/v2\/comments?post=2487"}],"version-history":[{"count":6,"href":"https:\/\/www.zschodov-nejdecka.cz\/index.php\/wp-json\/wp\/v2\/pages\/2487\/revisions"}],"predecessor-version":[{"id":4689,"href":"https:\/\/www.zschodov-nejdecka.cz\/index.php\/wp-json\/wp\/v2\/pages\/2487\/revisions\/4689"}],"wp:attachment":[{"href":"https:\/\/www.zschodov-nejdecka.cz\/index.php\/wp-json\/wp\/v2\/media?parent=2487"}],"curies":[{"name":"wp","href":"https:\/\/api.w.org\/{rel}","templated":true}]}}