{"id":375,"date":"2021-02-27T12:16:31","date_gmt":"2021-02-27T11:16:31","guid":{"rendered":"http:\/\/www.zschodov-nejdecka.cz\/?page_id=375"},"modified":"2024-03-24T08:10:08","modified_gmt":"2024-03-24T07:10:08","slug":"i-z","status":"publish","type":"page","link":"https:\/\/www.zschodov-nejdecka.cz\/index.php\/distancni-vyuka\/i-z\/","title":{"rendered":"I. Z"},"content":{"rendered":"\n<p>T\u0159\u00eddn\u00ed u\u010ditelka Mgr. Lenka Ryparov\u00e1, druh\u00fd u\u010ditel ve t\u0159\u00edd\u011b: Mgr. Milu\u0161e Pivkov\u00e1<\/p>\n\n\n\n<p><strong>Asistentka pedagoga:<\/strong> Lucie Bendov\u00e1<\/p>\n\n\n\n<p class=\"has-text-align-center has-vivid-red-color has-text-color has-medium-font-size\"><strong>NA\u0160E T\u0158\u00cdDA<\/strong><\/p>\n\n\n\n<figure class=\"wp-block-gallery has-nested-images columns-default is-cropped wp-block-gallery-1 is-layout-flex wp-block-gallery-is-layout-flex\">\n<figure class=\"wp-block-image size-large\"><img loading=\"lazy\" decoding=\"async\" width=\"1024\" height=\"768\" data-id=\"3226\" src=\"https:\/\/www.zschodov-nejdecka.cz\/wp-content\/uploads\/2022\/10\/20221004_143123-1-1024x768.jpg\" alt=\"\" class=\"wp-image-3226\" srcset=\"https:\/\/www.zschodov-nejdecka.cz\/wp-content\/uploads\/2022\/10\/20221004_143123-1-1024x768.jpg 1024w, https:\/\/www.zschodov-nejdecka.cz\/wp-content\/uploads\/2022\/10\/20221004_143123-1-300x225.jpg 300w, https:\/\/www.zschodov-nejdecka.cz\/wp-content\/uploads\/2022\/10\/20221004_143123-1-768x576.jpg 768w, https:\/\/www.zschodov-nejdecka.cz\/wp-content\/uploads\/2022\/10\/20221004_143123-1-1536x1152.jpg 1536w, https:\/\/www.zschodov-nejdecka.cz\/wp-content\/uploads\/2022\/10\/20221004_143123-1-2048x1536.jpg 2048w\" sizes=\"auto, (max-width: 1024px) 100vw, 1024px\" \/><\/figure>\n\n\n\n<figure class=\"wp-block-image size-large\"><img loading=\"lazy\" decoding=\"async\" width=\"1024\" height=\"768\" data-id=\"3228\" src=\"https:\/\/www.zschodov-nejdecka.cz\/wp-content\/uploads\/2022\/10\/20221004_143113-1-1024x768.jpg\" alt=\"\" class=\"wp-image-3228\" srcset=\"https:\/\/www.zschodov-nejdecka.cz\/wp-content\/uploads\/2022\/10\/20221004_143113-1-1024x768.jpg 1024w, https:\/\/www.zschodov-nejdecka.cz\/wp-content\/uploads\/2022\/10\/20221004_143113-1-300x225.jpg 300w, https:\/\/www.zschodov-nejdecka.cz\/wp-content\/uploads\/2022\/10\/20221004_143113-1-768x576.jpg 768w, https:\/\/www.zschodov-nejdecka.cz\/wp-content\/uploads\/2022\/10\/20221004_143113-1-1536x1152.jpg 1536w, https:\/\/www.zschodov-nejdecka.cz\/wp-content\/uploads\/2022\/10\/20221004_143113-1-2048x1536.jpg 2048w\" sizes=\"auto, (max-width: 1024px) 100vw, 1024px\" \/><\/figure>\n\n\n\n<figure class=\"wp-block-image size-large\"><img loading=\"lazy\" decoding=\"async\" width=\"1024\" height=\"768\" data-id=\"3229\" src=\"https:\/\/www.zschodov-nejdecka.cz\/wp-content\/uploads\/2022\/10\/20221004_143138-1-1024x768.jpg\" alt=\"\" class=\"wp-image-3229\" srcset=\"https:\/\/www.zschodov-nejdecka.cz\/wp-content\/uploads\/2022\/10\/20221004_143138-1-1024x768.jpg 1024w, https:\/\/www.zschodov-nejdecka.cz\/wp-content\/uploads\/2022\/10\/20221004_143138-1-300x225.jpg 300w, https:\/\/www.zschodov-nejdecka.cz\/wp-content\/uploads\/2022\/10\/20221004_143138-1-768x576.jpg 768w, https:\/\/www.zschodov-nejdecka.cz\/wp-content\/uploads\/2022\/10\/20221004_143138-1-1536x1152.jpg 1536w, https:\/\/www.zschodov-nejdecka.cz\/wp-content\/uploads\/2022\/10\/20221004_143138-1-2048x1536.jpg 2048w\" sizes=\"auto, (max-width: 1024px) 100vw, 1024px\" \/><\/figure>\n\n\n\n<figure class=\"wp-block-image size-large\"><img loading=\"lazy\" decoding=\"async\" width=\"1024\" height=\"768\" data-id=\"3230\" src=\"https:\/\/www.zschodov-nejdecka.cz\/wp-content\/uploads\/2022\/10\/20221004_143130-1-1024x768.jpg\" alt=\"\" class=\"wp-image-3230\" srcset=\"https:\/\/www.zschodov-nejdecka.cz\/wp-content\/uploads\/2022\/10\/20221004_143130-1-1024x768.jpg 1024w, https:\/\/www.zschodov-nejdecka.cz\/wp-content\/uploads\/2022\/10\/20221004_143130-1-300x225.jpg 300w, https:\/\/www.zschodov-nejdecka.cz\/wp-content\/uploads\/2022\/10\/20221004_143130-1-768x576.jpg 768w, https:\/\/www.zschodov-nejdecka.cz\/wp-content\/uploads\/2022\/10\/20221004_143130-1-1536x1152.jpg 1536w, https:\/\/www.zschodov-nejdecka.cz\/wp-content\/uploads\/2022\/10\/20221004_143130-1-2048x1536.jpg 2048w\" sizes=\"auto, (max-width: 1024px) 100vw, 1024px\" \/><\/figure>\n\n\n\n<figure class=\"wp-block-image size-large\"><img loading=\"lazy\" decoding=\"async\" width=\"768\" height=\"1024\" data-id=\"3231\" src=\"https:\/\/www.zschodov-nejdecka.cz\/wp-content\/uploads\/2022\/10\/20221004_1432040-1-768x1024.jpg\" alt=\"\" class=\"wp-image-3231\" srcset=\"https:\/\/www.zschodov-nejdecka.cz\/wp-content\/uploads\/2022\/10\/20221004_1432040-1-768x1024.jpg 768w, https:\/\/www.zschodov-nejdecka.cz\/wp-content\/uploads\/2022\/10\/20221004_1432040-1-225x300.jpg 225w, https:\/\/www.zschodov-nejdecka.cz\/wp-content\/uploads\/2022\/10\/20221004_1432040-1-1152x1536.jpg 1152w, https:\/\/www.zschodov-nejdecka.cz\/wp-content\/uploads\/2022\/10\/20221004_1432040-1-1536x2048.jpg 1536w, https:\/\/www.zschodov-nejdecka.cz\/wp-content\/uploads\/2022\/10\/20221004_1432040-1-scaled.jpg 1920w\" sizes=\"auto, (max-width: 768px) 100vw, 768px\" \/><\/figure>\n\n\n\n<figure class=\"wp-block-image size-large\"><img loading=\"lazy\" decoding=\"async\" width=\"1024\" height=\"768\" data-id=\"3227\" src=\"https:\/\/www.zschodov-nejdecka.cz\/wp-content\/uploads\/2022\/10\/20221004_143146-1-1024x768.jpg\" alt=\"\" class=\"wp-image-3227\" srcset=\"https:\/\/www.zschodov-nejdecka.cz\/wp-content\/uploads\/2022\/10\/20221004_143146-1-1024x768.jpg 1024w, https:\/\/www.zschodov-nejdecka.cz\/wp-content\/uploads\/2022\/10\/20221004_143146-1-300x225.jpg 300w, https:\/\/www.zschodov-nejdecka.cz\/wp-content\/uploads\/2022\/10\/20221004_143146-1-768x576.jpg 768w, https:\/\/www.zschodov-nejdecka.cz\/wp-content\/uploads\/2022\/10\/20221004_143146-1-1536x1152.jpg 1536w, https:\/\/www.zschodov-nejdecka.cz\/wp-content\/uploads\/2022\/10\/20221004_143146-1-2048x1536.jpg 2048w\" sizes=\"auto, (max-width: 1024px) 100vw, 1024px\" \/><\/figure>\n<\/figure>\n\n\n\n<p class=\"has-text-align-center has-white-color has-vivid-cyan-blue-background-color has-text-color has-background\"><strong>U\u010c\u00cdME SE R\u00c1DI \u010cESK\u00dd JAZYK I MATEMATIKU<\/strong><\/p>\n\n\n\n<figure class=\"wp-block-gallery has-nested-images columns-default is-cropped wp-block-gallery-2 is-layout-flex wp-block-gallery-is-layout-flex\">\n<figure class=\"wp-block-image size-large\"><img loading=\"lazy\" decoding=\"async\" width=\"768\" height=\"1024\" data-id=\"4334\" src=\"https:\/\/www.zschodov-nejdecka.cz\/wp-content\/uploads\/2024\/03\/WhatsApp-Image-2024-03-20-at-13.27.08-768x1024.jpeg\" alt=\"\" class=\"wp-image-4334\" srcset=\"https:\/\/www.zschodov-nejdecka.cz\/wp-content\/uploads\/2024\/03\/WhatsApp-Image-2024-03-20-at-13.27.08-768x1024.jpeg 768w, https:\/\/www.zschodov-nejdecka.cz\/wp-content\/uploads\/2024\/03\/WhatsApp-Image-2024-03-20-at-13.27.08-225x300.jpeg 225w, https:\/\/www.zschodov-nejdecka.cz\/wp-content\/uploads\/2024\/03\/WhatsApp-Image-2024-03-20-at-13.27.08-1152x1536.jpeg 1152w, https:\/\/www.zschodov-nejdecka.cz\/wp-content\/uploads\/2024\/03\/WhatsApp-Image-2024-03-20-at-13.27.08.jpeg 1536w\" sizes=\"auto, (max-width: 768px) 100vw, 768px\" \/><\/figure>\n\n\n\n<figure class=\"wp-block-image size-large\"><img loading=\"lazy\" decoding=\"async\" width=\"768\" height=\"1024\" data-id=\"4341\" src=\"https:\/\/www.zschodov-nejdecka.cz\/wp-content\/uploads\/2024\/03\/WhatsApp-Image-2024-03-20-at-13.27.29-768x1024.jpeg\" alt=\"\" class=\"wp-image-4341\" srcset=\"https:\/\/www.zschodov-nejdecka.cz\/wp-content\/uploads\/2024\/03\/WhatsApp-Image-2024-03-20-at-13.27.29-768x1024.jpeg 768w, https:\/\/www.zschodov-nejdecka.cz\/wp-content\/uploads\/2024\/03\/WhatsApp-Image-2024-03-20-at-13.27.29-225x300.jpeg 225w, https:\/\/www.zschodov-nejdecka.cz\/wp-content\/uploads\/2024\/03\/WhatsApp-Image-2024-03-20-at-13.27.29-1152x1536.jpeg 1152w, https:\/\/www.zschodov-nejdecka.cz\/wp-content\/uploads\/2024\/03\/WhatsApp-Image-2024-03-20-at-13.27.29.jpeg 1536w\" sizes=\"auto, (max-width: 768px) 100vw, 768px\" \/><\/figure>\n\n\n\n<figure class=\"wp-block-image size-large\"><img loading=\"lazy\" decoding=\"async\" width=\"768\" height=\"1024\" data-id=\"4343\" src=\"https:\/\/www.zschodov-nejdecka.cz\/wp-content\/uploads\/2024\/03\/WhatsApp-Image-2024-03-20-at-13.27.39-768x1024.jpeg\" alt=\"\" class=\"wp-image-4343\" srcset=\"https:\/\/www.zschodov-nejdecka.cz\/wp-content\/uploads\/2024\/03\/WhatsApp-Image-2024-03-20-at-13.27.39-768x1024.jpeg 768w, https:\/\/www.zschodov-nejdecka.cz\/wp-content\/uploads\/2024\/03\/WhatsApp-Image-2024-03-20-at-13.27.39-225x300.jpeg 225w, https:\/\/www.zschodov-nejdecka.cz\/wp-content\/uploads\/2024\/03\/WhatsApp-Image-2024-03-20-at-13.27.39-1152x1536.jpeg 1152w, https:\/\/www.zschodov-nejdecka.cz\/wp-content\/uploads\/2024\/03\/WhatsApp-Image-2024-03-20-at-13.27.39.jpeg 1536w\" sizes=\"auto, (max-width: 768px) 100vw, 768px\" \/><\/figure>\n\n\n\n<figure class=\"wp-block-image size-large\"><img loading=\"lazy\" decoding=\"async\" width=\"768\" height=\"1024\" data-id=\"4342\" src=\"https:\/\/www.zschodov-nejdecka.cz\/wp-content\/uploads\/2024\/03\/WhatsApp-Image-2024-03-20-at-13.28.15-768x1024.jpeg\" alt=\"\" class=\"wp-image-4342\" srcset=\"https:\/\/www.zschodov-nejdecka.cz\/wp-content\/uploads\/2024\/03\/WhatsApp-Image-2024-03-20-at-13.28.15-768x1024.jpeg 768w, https:\/\/www.zschodov-nejdecka.cz\/wp-content\/uploads\/2024\/03\/WhatsApp-Image-2024-03-20-at-13.28.15-225x300.jpeg 225w, https:\/\/www.zschodov-nejdecka.cz\/wp-content\/uploads\/2024\/03\/WhatsApp-Image-2024-03-20-at-13.28.15-1152x1536.jpeg 1152w, https:\/\/www.zschodov-nejdecka.cz\/wp-content\/uploads\/2024\/03\/WhatsApp-Image-2024-03-20-at-13.28.15.jpeg 1536w\" sizes=\"auto, (max-width: 768px) 100vw, 768px\" \/><\/figure>\n\n\n\n<figure class=\"wp-block-image size-large\"><img loading=\"lazy\" decoding=\"async\" width=\"768\" height=\"1024\" data-id=\"4345\" src=\"https:\/\/www.zschodov-nejdecka.cz\/wp-content\/uploads\/2024\/03\/WhatsApp-Image-2024-03-20-at-13.29.04-768x1024.jpeg\" alt=\"\" class=\"wp-image-4345\" srcset=\"https:\/\/www.zschodov-nejdecka.cz\/wp-content\/uploads\/2024\/03\/WhatsApp-Image-2024-03-20-at-13.29.04-768x1024.jpeg 768w, https:\/\/www.zschodov-nejdecka.cz\/wp-content\/uploads\/2024\/03\/WhatsApp-Image-2024-03-20-at-13.29.04-225x300.jpeg 225w, https:\/\/www.zschodov-nejdecka.cz\/wp-content\/uploads\/2024\/03\/WhatsApp-Image-2024-03-20-at-13.29.04-1152x1536.jpeg 1152w, https:\/\/www.zschodov-nejdecka.cz\/wp-content\/uploads\/2024\/03\/WhatsApp-Image-2024-03-20-at-13.29.04.jpeg 1536w\" sizes=\"auto, (max-width: 768px) 100vw, 768px\" \/><\/figure>\n\n\n\n<figure class=\"wp-block-image size-large\"><img loading=\"lazy\" decoding=\"async\" width=\"768\" height=\"1024\" data-id=\"4338\" src=\"https:\/\/www.zschodov-nejdecka.cz\/wp-content\/uploads\/2024\/03\/WhatsApp-Image-2024-03-20-at-13.32.14-768x1024.jpeg\" alt=\"\" class=\"wp-image-4338\" srcset=\"https:\/\/www.zschodov-nejdecka.cz\/wp-content\/uploads\/2024\/03\/WhatsApp-Image-2024-03-20-at-13.32.14-768x1024.jpeg 768w, https:\/\/www.zschodov-nejdecka.cz\/wp-content\/uploads\/2024\/03\/WhatsApp-Image-2024-03-20-at-13.32.14-225x300.jpeg 225w, https:\/\/www.zschodov-nejdecka.cz\/wp-content\/uploads\/2024\/03\/WhatsApp-Image-2024-03-20-at-13.32.14-1152x1536.jpeg 1152w, https:\/\/www.zschodov-nejdecka.cz\/wp-content\/uploads\/2024\/03\/WhatsApp-Image-2024-03-20-at-13.32.14.jpeg 1536w\" sizes=\"auto, (max-width: 768px) 100vw, 768px\" \/><\/figure>\n\n\n\n<figure class=\"wp-block-image size-large\"><img loading=\"lazy\" decoding=\"async\" width=\"768\" height=\"1024\" data-id=\"4336\" src=\"https:\/\/www.zschodov-nejdecka.cz\/wp-content\/uploads\/2024\/03\/WhatsApp-Image-2024-03-20-at-13.32.54-768x1024.jpeg\" alt=\"\" class=\"wp-image-4336\" srcset=\"https:\/\/www.zschodov-nejdecka.cz\/wp-content\/uploads\/2024\/03\/WhatsApp-Image-2024-03-20-at-13.32.54-768x1024.jpeg 768w, https:\/\/www.zschodov-nejdecka.cz\/wp-content\/uploads\/2024\/03\/WhatsApp-Image-2024-03-20-at-13.32.54-225x300.jpeg 225w, https:\/\/www.zschodov-nejdecka.cz\/wp-content\/uploads\/2024\/03\/WhatsApp-Image-2024-03-20-at-13.32.54-1152x1536.jpeg 1152w, https:\/\/www.zschodov-nejdecka.cz\/wp-content\/uploads\/2024\/03\/WhatsApp-Image-2024-03-20-at-13.32.54.jpeg 1536w\" sizes=\"auto, (max-width: 768px) 100vw, 768px\" \/><\/figure>\n\n\n\n<figure class=\"wp-block-image size-large\"><img loading=\"lazy\" decoding=\"async\" width=\"768\" height=\"1024\" data-id=\"4335\" src=\"https:\/\/www.zschodov-nejdecka.cz\/wp-content\/uploads\/2024\/03\/WhatsApp-Image-2024-03-20-at-13.33.21-768x1024.jpeg\" alt=\"\" class=\"wp-image-4335\" srcset=\"https:\/\/www.zschodov-nejdecka.cz\/wp-content\/uploads\/2024\/03\/WhatsApp-Image-2024-03-20-at-13.33.21-768x1024.jpeg 768w, https:\/\/www.zschodov-nejdecka.cz\/wp-content\/uploads\/2024\/03\/WhatsApp-Image-2024-03-20-at-13.33.21-225x300.jpeg 225w, https:\/\/www.zschodov-nejdecka.cz\/wp-content\/uploads\/2024\/03\/WhatsApp-Image-2024-03-20-at-13.33.21-1152x1536.jpeg 1152w, https:\/\/www.zschodov-nejdecka.cz\/wp-content\/uploads\/2024\/03\/WhatsApp-Image-2024-03-20-at-13.33.21.jpeg 1536w\" sizes=\"auto, (max-width: 768px) 100vw, 768px\" \/><\/figure>\n\n\n\n<figure class=\"wp-block-image size-large\"><img loading=\"lazy\" decoding=\"async\" width=\"768\" height=\"1024\" data-id=\"4339\" src=\"https:\/\/www.zschodov-nejdecka.cz\/wp-content\/uploads\/2024\/03\/WhatsApp-Image-2024-03-20-at-13.34.17-768x1024.jpeg\" alt=\"\" class=\"wp-image-4339\" srcset=\"https:\/\/www.zschodov-nejdecka.cz\/wp-content\/uploads\/2024\/03\/WhatsApp-Image-2024-03-20-at-13.34.17-768x1024.jpeg 768w, https:\/\/www.zschodov-nejdecka.cz\/wp-content\/uploads\/2024\/03\/WhatsApp-Image-2024-03-20-at-13.34.17-225x300.jpeg 225w, https:\/\/www.zschodov-nejdecka.cz\/wp-content\/uploads\/2024\/03\/WhatsApp-Image-2024-03-20-at-13.34.17-1152x1536.jpeg 1152w, https:\/\/www.zschodov-nejdecka.cz\/wp-content\/uploads\/2024\/03\/WhatsApp-Image-2024-03-20-at-13.34.17.jpeg 1536w\" sizes=\"auto, (max-width: 768px) 100vw, 768px\" \/><\/figure>\n\n\n\n<figure class=\"wp-block-image size-large\"><img loading=\"lazy\" decoding=\"async\" width=\"768\" height=\"1024\" data-id=\"4337\" src=\"https:\/\/www.zschodov-nejdecka.cz\/wp-content\/uploads\/2024\/03\/WhatsApp-Image-2024-03-20-at-13.34.26-768x1024.jpeg\" alt=\"\" class=\"wp-image-4337\" srcset=\"https:\/\/www.zschodov-nejdecka.cz\/wp-content\/uploads\/2024\/03\/WhatsApp-Image-2024-03-20-at-13.34.26-768x1024.jpeg 768w, https:\/\/www.zschodov-nejdecka.cz\/wp-content\/uploads\/2024\/03\/WhatsApp-Image-2024-03-20-at-13.34.26-225x300.jpeg 225w, https:\/\/www.zschodov-nejdecka.cz\/wp-content\/uploads\/2024\/03\/WhatsApp-Image-2024-03-20-at-13.34.26-1152x1536.jpeg 1152w, https:\/\/www.zschodov-nejdecka.cz\/wp-content\/uploads\/2024\/03\/WhatsApp-Image-2024-03-20-at-13.34.26.jpeg 1536w\" sizes=\"auto, (max-width: 768px) 100vw, 768px\" \/><\/figure>\n\n\n\n<figure class=\"wp-block-image size-large\"><img loading=\"lazy\" decoding=\"async\" width=\"768\" height=\"1024\" data-id=\"4340\" src=\"https:\/\/www.zschodov-nejdecka.cz\/wp-content\/uploads\/2024\/03\/WhatsApp-Image-2024-03-20-at-13.34.38-768x1024.jpeg\" alt=\"\" class=\"wp-image-4340\" srcset=\"https:\/\/www.zschodov-nejdecka.cz\/wp-content\/uploads\/2024\/03\/WhatsApp-Image-2024-03-20-at-13.34.38-768x1024.jpeg 768w, https:\/\/www.zschodov-nejdecka.cz\/wp-content\/uploads\/2024\/03\/WhatsApp-Image-2024-03-20-at-13.34.38-225x300.jpeg 225w, https:\/\/www.zschodov-nejdecka.cz\/wp-content\/uploads\/2024\/03\/WhatsApp-Image-2024-03-20-at-13.34.38-1152x1536.jpeg 1152w, https:\/\/www.zschodov-nejdecka.cz\/wp-content\/uploads\/2024\/03\/WhatsApp-Image-2024-03-20-at-13.34.38.jpeg 1536w\" sizes=\"auto, (max-width: 768px) 100vw, 768px\" \/><\/figure>\n\n\n\n<figure class=\"wp-block-image size-large\"><img loading=\"lazy\" decoding=\"async\" width=\"768\" height=\"1024\" data-id=\"4344\" src=\"https:\/\/www.zschodov-nejdecka.cz\/wp-content\/uploads\/2024\/03\/WhatsApp-Image-2024-03-20-at-13.34.53-768x1024.jpeg\" alt=\"\" class=\"wp-image-4344\" srcset=\"https:\/\/www.zschodov-nejdecka.cz\/wp-content\/uploads\/2024\/03\/WhatsApp-Image-2024-03-20-at-13.34.53-768x1024.jpeg 768w, https:\/\/www.zschodov-nejdecka.cz\/wp-content\/uploads\/2024\/03\/WhatsApp-Image-2024-03-20-at-13.34.53-225x300.jpeg 225w, https:\/\/www.zschodov-nejdecka.cz\/wp-content\/uploads\/2024\/03\/WhatsApp-Image-2024-03-20-at-13.34.53-1152x1536.jpeg 1152w, https:\/\/www.zschodov-nejdecka.cz\/wp-content\/uploads\/2024\/03\/WhatsApp-Image-2024-03-20-at-13.34.53.jpeg 1536w\" sizes=\"auto, (max-width: 768px) 100vw, 768px\" \/><\/figure>\n<\/figure>\n","protected":false},"excerpt":{"rendered":"<p>T\u0159\u00eddn\u00ed u\u010ditelka Mgr. Lenka Ryparov\u00e1, druh\u00fd u\u010ditel ve t\u0159\u00edd\u011b: Mgr. Milu\u0161e Pivkov\u00e1 Asistentka pedagoga: Lucie Bendov\u00e1 NA\u0160E T\u0158\u00cdDA U\u010c\u00cdME SE &hellip; <\/p>\n","protected":false},"author":4,"featured_media":3141,"parent":108,"menu_order":2,"comment_status":"closed","ping_status":"closed","template":"","meta":{"footnotes":""},"class_list":["post-375","page","type-page","status-publish","has-post-thumbnail","hentry"],"_links":{"self":[{"href":"https:\/\/www.zschodov-nejdecka.cz\/index.php\/wp-json\/wp\/v2\/pages\/375","targetHints":{"allow":["GET"]}}],"collection":[{"href":"https:\/\/www.zschodov-nejdecka.cz\/index.php\/wp-json\/wp\/v2\/pages"}],"about":[{"href":"https:\/\/www.zschodov-nejdecka.cz\/index.php\/wp-json\/wp\/v2\/types\/page"}],"author":[{"embeddable":true,"href":"https:\/\/www.zschodov-nejdecka.cz\/index.php\/wp-json\/wp\/v2\/users\/4"}],"replies":[{"embeddable":true,"href":"https:\/\/www.zschodov-nejdecka.cz\/index.php\/wp-json\/wp\/v2\/comments?post=375"}],"version-history":[{"count":45,"href":"https:\/\/www.zschodov-nejdecka.cz\/index.php\/wp-json\/wp\/v2\/pages\/375\/revisions"}],"predecessor-version":[{"id":4347,"href":"https:\/\/www.zschodov-nejdecka.cz\/index.php\/wp-json\/wp\/v2\/pages\/375\/revisions\/4347"}],"up":[{"embeddable":true,"href":"https:\/\/www.zschodov-nejdecka.cz\/index.php\/wp-json\/wp\/v2\/pages\/108"}],"wp:featuredmedia":[{"embeddable":true,"href":"https:\/\/www.zschodov-nejdecka.cz\/index.php\/wp-json\/wp\/v2\/media\/3141"}],"wp:attachment":[{"href":"https:\/\/www.zschodov-nejdecka.cz\/index.php\/wp-json\/wp\/v2\/media?parent=375"}],"curies":[{"name":"wp","href":"https:\/\/api.w.org\/{rel}","templated":true}]}}