{"id":387,"date":"2021-02-27T12:25:20","date_gmt":"2021-02-27T11:25:20","guid":{"rendered":"http:\/\/www.zschodov-nejdecka.cz\/?page_id=387"},"modified":"2025-04-24T19:34:58","modified_gmt":"2025-04-24T18:34:58","slug":"vi-z","status":"publish","type":"page","link":"https:\/\/www.zschodov-nejdecka.cz\/index.php\/distancni-vyuka\/vi-z\/","title":{"rendered":"IX. Z"},"content":{"rendered":"\n<p><strong>T\u0159\u00eddn\u00ed u\u010ditelka:<\/strong> Mgr. Lucie Haakov\u00e1<\/p>\n\n\n\n<p><strong>Asistentka pedagoga:<\/strong>  Iveta Kr\u00e1sn\u00e1 ml.<\/p>\n\n\n\n<p class=\"has-text-align-center has-vivid-purple-color has-text-color\"> <strong>NA\u0160E T\u0158\u00cdDA<\/strong><\/p>\n\n\n\n<figure class=\"wp-block-gallery has-nested-images columns-default is-cropped wp-block-gallery-1 is-layout-flex wp-block-gallery-is-layout-flex\">\n<figure class=\"wp-block-image size-large\"><img loading=\"lazy\" decoding=\"async\" width=\"1024\" height=\"768\" data-id=\"3273\" src=\"https:\/\/www.zschodov-nejdecka.cz\/wp-content\/uploads\/2022\/10\/20221004_144635-1-1024x768.jpg\" alt=\"\" class=\"wp-image-3273\" srcset=\"https:\/\/www.zschodov-nejdecka.cz\/wp-content\/uploads\/2022\/10\/20221004_144635-1-1024x768.jpg 1024w, https:\/\/www.zschodov-nejdecka.cz\/wp-content\/uploads\/2022\/10\/20221004_144635-1-300x225.jpg 300w, https:\/\/www.zschodov-nejdecka.cz\/wp-content\/uploads\/2022\/10\/20221004_144635-1-768x576.jpg 768w, https:\/\/www.zschodov-nejdecka.cz\/wp-content\/uploads\/2022\/10\/20221004_144635-1-1536x1152.jpg 1536w, https:\/\/www.zschodov-nejdecka.cz\/wp-content\/uploads\/2022\/10\/20221004_144635-1-2048x1536.jpg 2048w\" sizes=\"auto, (max-width: 1024px) 100vw, 1024px\" \/><\/figure>\n\n\n\n<figure class=\"wp-block-image size-large\"><img loading=\"lazy\" decoding=\"async\" width=\"1024\" height=\"768\" data-id=\"3272\" src=\"https:\/\/www.zschodov-nejdecka.cz\/wp-content\/uploads\/2022\/10\/20221004_144650-1-1024x768.jpg\" alt=\"\" class=\"wp-image-3272\" srcset=\"https:\/\/www.zschodov-nejdecka.cz\/wp-content\/uploads\/2022\/10\/20221004_144650-1-1024x768.jpg 1024w, https:\/\/www.zschodov-nejdecka.cz\/wp-content\/uploads\/2022\/10\/20221004_144650-1-300x225.jpg 300w, https:\/\/www.zschodov-nejdecka.cz\/wp-content\/uploads\/2022\/10\/20221004_144650-1-768x576.jpg 768w, https:\/\/www.zschodov-nejdecka.cz\/wp-content\/uploads\/2022\/10\/20221004_144650-1-1536x1152.jpg 1536w, https:\/\/www.zschodov-nejdecka.cz\/wp-content\/uploads\/2022\/10\/20221004_144650-1-2048x1536.jpg 2048w\" sizes=\"auto, (max-width: 1024px) 100vw, 1024px\" \/><\/figure>\n\n\n\n<figure class=\"wp-block-image size-large\"><img loading=\"lazy\" decoding=\"async\" width=\"1024\" height=\"768\" data-id=\"3274\" src=\"https:\/\/www.zschodov-nejdecka.cz\/wp-content\/uploads\/2022\/10\/20221004_144640-1-1024x768.jpg\" alt=\"\" class=\"wp-image-3274\" srcset=\"https:\/\/www.zschodov-nejdecka.cz\/wp-content\/uploads\/2022\/10\/20221004_144640-1-1024x768.jpg 1024w, https:\/\/www.zschodov-nejdecka.cz\/wp-content\/uploads\/2022\/10\/20221004_144640-1-300x225.jpg 300w, https:\/\/www.zschodov-nejdecka.cz\/wp-content\/uploads\/2022\/10\/20221004_144640-1-768x576.jpg 768w, https:\/\/www.zschodov-nejdecka.cz\/wp-content\/uploads\/2022\/10\/20221004_144640-1-1536x1152.jpg 1536w, https:\/\/www.zschodov-nejdecka.cz\/wp-content\/uploads\/2022\/10\/20221004_144640-1-2048x1536.jpg 2048w\" sizes=\"auto, (max-width: 1024px) 100vw, 1024px\" \/><\/figure>\n<\/figure>\n\n\n\n<p><\/p>\n\n\n\n<p><\/p>\n","protected":false},"excerpt":{"rendered":"<p>T\u0159\u00eddn\u00ed u\u010ditelka: Mgr. Lucie Haakov\u00e1 Asistentka pedagoga: Iveta Kr\u00e1sn\u00e1 ml. NA\u0160E T\u0158\u00cdDA<\/p>\n","protected":false},"author":4,"featured_media":3182,"parent":108,"menu_order":7,"comment_status":"closed","ping_status":"closed","template":"","meta":{"footnotes":""},"class_list":["post-387","page","type-page","status-publish","has-post-thumbnail","hentry"],"_links":{"self":[{"href":"https:\/\/www.zschodov-nejdecka.cz\/index.php\/wp-json\/wp\/v2\/pages\/387","targetHints":{"allow":["GET"]}}],"collection":[{"href":"https:\/\/www.zschodov-nejdecka.cz\/index.php\/wp-json\/wp\/v2\/pages"}],"about":[{"href":"https:\/\/www.zschodov-nejdecka.cz\/index.php\/wp-json\/wp\/v2\/types\/page"}],"author":[{"embeddable":true,"href":"https:\/\/www.zschodov-nejdecka.cz\/index.php\/wp-json\/wp\/v2\/users\/4"}],"replies":[{"embeddable":true,"href":"https:\/\/www.zschodov-nejdecka.cz\/index.php\/wp-json\/wp\/v2\/comments?post=387"}],"version-history":[{"count":38,"href":"https:\/\/www.zschodov-nejdecka.cz\/index.php\/wp-json\/wp\/v2\/pages\/387\/revisions"}],"predecessor-version":[{"id":4753,"href":"https:\/\/www.zschodov-nejdecka.cz\/index.php\/wp-json\/wp\/v2\/pages\/387\/revisions\/4753"}],"up":[{"embeddable":true,"href":"https:\/\/www.zschodov-nejdecka.cz\/index.php\/wp-json\/wp\/v2\/pages\/108"}],"wp:featuredmedia":[{"embeddable":true,"href":"https:\/\/www.zschodov-nejdecka.cz\/index.php\/wp-json\/wp\/v2\/media\/3182"}],"wp:attachment":[{"href":"https:\/\/www.zschodov-nejdecka.cz\/index.php\/wp-json\/wp\/v2\/media?parent=387"}],"curies":[{"name":"wp","href":"https:\/\/api.w.org\/{rel}","templated":true}]}}