{"id":539,"date":"2021-02-28T18:36:39","date_gmt":"2021-02-28T17:36:39","guid":{"rendered":"http:\/\/www.zschodov-nejdecka.cz\/?page_id=539"},"modified":"2024-03-24T11:36:27","modified_gmt":"2024-03-24T10:36:27","slug":"akce-skoly","status":"publish","type":"page","link":"https:\/\/www.zschodov-nejdecka.cz\/index.php\/skolni-rok\/akce-skoly\/","title":{"rendered":"Akce \u0161koly"},"content":{"rendered":"\n<p><strong>BADATELSK\u00dd DEN<\/strong><\/p>\n\n\n\n<p><\/p>\n\n\n\n<figure class=\"wp-block-video aligncenter\"><video height=\"848\" style=\"aspect-ratio: 480 \/ 848;\" width=\"480\" controls src=\"https:\/\/www.zschodov-nejdecka.cz\/wp-content\/uploads\/2024\/03\/WhatsApp-Video-2024-03-23-at-07.34.33.mp4\"><\/video><figcaption class=\"wp-element-caption\">Badatelsk\u00fd den<\/figcaption><\/figure>\n\n\n\n<p><strong>BAREVN\u00dd T\u00ddDEN<\/strong><\/p>\n\n\n\n<p>V t\u00fddnu od 20. do 24. \u00fanora 2023 prob\u00edhal ve \u0161kole &#8222;Barevn\u00fd t\u00fdden&#8220;. Jeho smyslem bylo pos\u00edlit spolupr\u00e1ci a soudr\u017enost t\u0159\u00eddn\u00edch kolektiv\u016f. T\u0159\u00eddy sout\u011b\u017eily mezi sebou, jak dok\u00e1\u017e\u00ed spolupracovat a dr\u017eet &#8222;basu&#8220; a p\u0159ij\u00edt do \u0161koly v oble\u010den\u00ed ur\u010den\u00e9 barvy (alespo\u0148 \u010d\u00e1st od\u011bvu &#8211; tri\u010dko nebo mikina, kalhoty, pono\u017eky&#8230;). <\/p>\n\n\n\n<p>Pond\u011bl\u00ed bylo b\u00edl\u00e9, \u00fater\u00fd r\u016f\u017eov\u00e9, st\u0159eda strakat\u00e1 duhov\u00e1, \u010dtvrtek bude modr\u00fd a p\u00e1tek \u010dern\u00fd.<\/p>\n\n\n\n<figure class=\"wp-block-video\"><video height=\"1080\" style=\"aspect-ratio: 1920 \/ 1080;\" width=\"1920\" autoplay controls loop src=\"https:\/\/www.zschodov-nejdecka.cz\/wp-content\/uploads\/2023\/03\/Barevny_tyden.mp4\"><\/video><\/figure>\n\n\n\n<p><\/p>\n\n\n\n<p><\/p>\n\n\n\n<p style=\"font-size:18px\"><strong>\u010cAROD\u011aJN\u00dd DEN ZEM\u011a<\/strong><\/p>\n\n\n\n<p>V p\u00e1tek 30. dubna jsme ve \u0161kole uspo\u0159\u00e1dali tradi\u010dn\u00ed projektov\u00fd den. T\u0159\u00eddy m\u011bly mo\u017enost vybrat si, jak projektov\u00fd den uchop\u00ed. V n\u011bkter\u00fdch se se\u0161ly rozja\u0159en\u00e9 &#8222;\u010darod\u011bjnice&#8220;, kouzlily a va\u0159ily sv\u00e9 lektvary. Jinde se v\u00edce zam\u011b\u0159ili na dubnovou oslavu &#8222;Dne Zem\u011b&#8220;, environment\u00e1ln\u00ed t\u00e9mata, p\u00e9\u010di o \u017eivotn\u00ed prost\u0159ed\u00ed a praktickou ekologii. Nakonec si v\u0161ichni p\u0159i\u0161li na sv\u00e9.<\/p>\n\n\n\n<figure class=\"wp-block-video\"><video height=\"1600\" style=\"aspect-ratio: 2000 \/ 1600;\" width=\"2000\" controls src=\"https:\/\/www.zschodov-nejdecka.cz\/wp-content\/uploads\/2021\/05\/Monochrome-Skater-Photo-Collage.mp4\"><\/video><\/figure>\n\n\n\n<p><strong>VTIPN\u00dd T\u00ddDEN<\/strong> 25. &#8211; 28. ledna 2021<\/p>\n\n\n\n<p>Bl\u00e1zniv\u00e1 doba si \u017e\u00e1d\u00e1 bl\u00e1zniv\u00e9 n\u00e1pady. A proto, jsme si zorganizovali vtipn\u00fd t\u00fdden, aneb humorem ke zdrav\u00ed. Zahajuj\u00edc\u00ed pond\u011bl\u00ed p\u0159ineslo oble\u010den\u00ed naruby, kdy jsme m\u011bli kousek na\u0161eho oble\u010den\u00ed obr\u00e1cen\u011b. V \u00fater\u00fd p\u0159i\u0161ly na \u0159adu bl\u00e1zniv\u00e9 pono\u017eky &#8211; ka\u017edou pono\u017eku jinou. Ve st\u0159edu si chlapci s d\u011bv\u010daty vym\u011bnili role, tedy co se t\u00fd\u010de od\u011bv\u016f, n\u00e1hle byla z Pep\u00ed\u010dka Pepina a z Pavl\u00ednky Pavel a \u010dtvrtek se nesl ve znamen\u00ed humorn\u00fdch pokr\u00fdvek hlavy. Ka\u017ed\u00fd z dn\u016f prob\u011bhl v n\u00e1valech sm\u00edchu, dok\u00e1zali jsme sob\u011b i ostatn\u00edm, \u017ee si ze sebe um\u00edme ud\u011blat legraci a nebrat se v\u017edy v\u00e1\u017en\u011b. Vyvrcholen\u00edm t\u00fddne bylo samoz\u0159ejm\u011b p\u0159ed\u00e1v\u00e1n\u00ed vysv\u011bd\u010den\u00ed, v\u00fdsledk\u016f p\u016flro\u010dn\u00ed pr\u00e1ce n\u00e1s v\u0161ech. Te\u010f u\u017e se nem\u016f\u017eeme do\u010dkat jarn\u00edch pr\u00e1zdnin, kter\u00e9 si ur\u010dit\u011b n\u00e1le\u017eit\u011b u\u017eijeme.<\/p>\n\n\n\n<figure class=\"wp-block-video\"><video height=\"1080\" style=\"aspect-ratio: 1920 \/ 1080;\" width=\"1920\" controls src=\"https:\/\/www.zschodov-nejdecka.cz\/wp-content\/uploads\/2021\/03\/Vtipny-tyden.mp4\"><\/video><\/figure>\n","protected":false},"excerpt":{"rendered":"<p>BADATELSK\u00dd DEN BAREVN\u00dd T\u00ddDEN V t\u00fddnu od 20. do 24. \u00fanora 2023 prob\u00edhal ve \u0161kole &#8222;Barevn\u00fd t\u00fdden&#8220;. Jeho smyslem bylo &hellip; <\/p>\n","protected":false},"author":4,"featured_media":0,"parent":452,"menu_order":3,"comment_status":"closed","ping_status":"closed","template":"","meta":{"footnotes":""},"class_list":["post-539","page","type-page","status-publish","hentry"],"_links":{"self":[{"href":"https:\/\/www.zschodov-nejdecka.cz\/index.php\/wp-json\/wp\/v2\/pages\/539","targetHints":{"allow":["GET"]}}],"collection":[{"href":"https:\/\/www.zschodov-nejdecka.cz\/index.php\/wp-json\/wp\/v2\/pages"}],"about":[{"href":"https:\/\/www.zschodov-nejdecka.cz\/index.php\/wp-json\/wp\/v2\/types\/page"}],"author":[{"embeddable":true,"href":"https:\/\/www.zschodov-nejdecka.cz\/index.php\/wp-json\/wp\/v2\/users\/4"}],"replies":[{"embeddable":true,"href":"https:\/\/www.zschodov-nejdecka.cz\/index.php\/wp-json\/wp\/v2\/comments?post=539"}],"version-history":[{"count":12,"href":"https:\/\/www.zschodov-nejdecka.cz\/index.php\/wp-json\/wp\/v2\/pages\/539\/revisions"}],"predecessor-version":[{"id":4404,"href":"https:\/\/www.zschodov-nejdecka.cz\/index.php\/wp-json\/wp\/v2\/pages\/539\/revisions\/4404"}],"up":[{"embeddable":true,"href":"https:\/\/www.zschodov-nejdecka.cz\/index.php\/wp-json\/wp\/v2\/pages\/452"}],"wp:attachment":[{"href":"https:\/\/www.zschodov-nejdecka.cz\/index.php\/wp-json\/wp\/v2\/media?parent=539"}],"curies":[{"name":"wp","href":"https:\/\/api.w.org\/{rel}","templated":true}]}}