{"id":648,"date":"2021-03-03T18:07:28","date_gmt":"2021-03-03T17:07:28","guid":{"rendered":"http:\/\/www.zschodov-nejdecka.cz\/?page_id=648"},"modified":"2024-03-10T10:36:27","modified_gmt":"2024-03-10T09:36:27","slug":"projekty","status":"publish","type":"page","link":"https:\/\/www.zschodov-nejdecka.cz\/index.php\/projekty\/","title":{"rendered":"Projekty"},"content":{"rendered":"\n<p class=\"has-light-green-cyan-background-color has-background\"><strong>Projekt &#8222;Podpora vzd\u011bl\u00e1n\u00ed se vyplat\u00ed&#8220; &#8211; IMPLEMENTACE REFORMY 3.2.2 N\u00c1RODN\u00cdHO\u00a0PL\u00c1NU OBNOVY<\/strong> <\/p>\n\n\n\n<figure class=\"wp-block-image size-full\"><img loading=\"lazy\" decoding=\"async\" width=\"647\" height=\"89\" src=\"https:\/\/www.zschodov-nejdecka.cz\/wp-content\/uploads\/2022\/02\/image.png\" alt=\"\" class=\"wp-image-2518\" srcset=\"https:\/\/www.zschodov-nejdecka.cz\/wp-content\/uploads\/2022\/02\/image.png 647w, https:\/\/www.zschodov-nejdecka.cz\/wp-content\/uploads\/2022\/02\/image-300x41.png 300w\" sizes=\"auto, (max-width: 647px) 100vw, 647px\" \/><\/figure>\n\n\n\n<p>\u0160kola je od ledna 2023 zapojena do N\u00e1rodn\u00edho pl\u00e1nu obnovy na podporu \u0161kol s vy\u0161\u0161\u00edm pom\u011brem soci\u00e1ln\u011b znev\u00fdhodn\u011bn\u00fdch \u017e\u00e1k\u016f &#8211; oblast&nbsp;&#8222;Rovn\u00fdch p\u0159\u00edle\u017eitost\u00ed&#8220;. Projekt financov\u00e1n z&nbsp;Next Generation EU.<\/p>\n\n\n\n<p class=\"has-luminous-vivid-amber-background-color has-background\"><strong>Projekt &#8211; Prevence digit\u00e1ln\u00ed propasti<\/strong><\/p>\n\n\n\n<figure class=\"wp-block-image size-full\"><img loading=\"lazy\" decoding=\"async\" width=\"647\" height=\"89\" src=\"https:\/\/www.zschodov-nejdecka.cz\/wp-content\/uploads\/2022\/02\/image.png\" alt=\"\" class=\"wp-image-2518\" srcset=\"https:\/\/www.zschodov-nejdecka.cz\/wp-content\/uploads\/2022\/02\/image.png 647w, https:\/\/www.zschodov-nejdecka.cz\/wp-content\/uploads\/2022\/02\/image-300x41.png 300w\" sizes=\"auto, (max-width: 647px) 100vw, 647px\" \/><\/figure>\n\n\n\n<p>\u0160kola je zapojena od roku 2022 do projektu N\u00e1rodn\u00edho pl\u00e1nu obnovy v prevenci digit\u00e1ln\u00ed propasti.  C\u00edlem projektu je zp\u0159\u00edstupn\u011bn\u00ed mobiln\u00edch digit\u00e1ln\u00edch technologi\u00ed pro znev\u00fdhodn\u011bn\u00e9 \u017e\u00e1ky a zabr\u00e1n\u011bn\u00ed jejich digit\u00e1ln\u00edmu vylou\u010den\u00ed. Jedn\u00e1 se o zlep\u0161en\u00ed dosa\u017eitelnosti technick\u00e9ho vybaven\u00ed \u017e\u00e1k\u016fm a vytvo\u0159en\u00ed mobili\u00e1\u0159e digit\u00e1ln\u00edch mobiln\u00edch za\u0159\u00edzen\u00ed ve \u0161kole, co\u017e je t\u0159eba k lep\u0161\u00edmu digit\u00e1ln\u00edmu zapojen\u00ed do vzd\u011bl\u00e1v\u00e1n\u00ed.<\/p>\n\n\n\n<p class=\"has-background\" style=\"background-color:#f78dd9\"><strong>Projekt &#8211; Dou\u010dov\u00e1n\u00ed \u017e\u00e1k\u016f \u0161kol<\/strong><\/p>\n\n\n\n<figure class=\"wp-block-image size-full\"><img loading=\"lazy\" decoding=\"async\" width=\"647\" height=\"89\" src=\"https:\/\/www.zschodov-nejdecka.cz\/wp-content\/uploads\/2022\/02\/image.png\" alt=\"\" class=\"wp-image-2518\" srcset=\"https:\/\/www.zschodov-nejdecka.cz\/wp-content\/uploads\/2022\/02\/image.png 647w, https:\/\/www.zschodov-nejdecka.cz\/wp-content\/uploads\/2022\/02\/image-300x41.png 300w\" sizes=\"auto, (max-width: 647px) 100vw, 647px\" \/><\/figure>\n\n\n\n<p>\u0160kola je zapojena od ledna 2022 do dou\u010dovac\u00edch aktivit &#8222;N\u00e1rodn\u00edho pl\u00e1nu obnovy&#8220; v oblasti podpory vzd\u011bl\u00e1v\u00e1n\u00ed \u017e\u00e1k\u016f ohro\u017een\u00fdch \u0161koln\u00edm ne\u00fasp\u011bchem v reakci na nemo\u017enost realizace prezen\u010dn\u00ed v\u00fduky ve \u0161kol\u00e1ch b\u011bhem pandemie covid-19.<\/p>\n\n\n\n<p class=\"has-black-color has-pale-cyan-blue-background-color has-text-color has-background\"><strong>Projekt &#8222;\u0160kola nemus\u00ed b\u00fdt probl\u00e9m III.&#8220;<\/strong><\/p>\n\n\n\n<figure class=\"wp-block-image size-large is-resized is-style-default\"><img loading=\"lazy\" decoding=\"async\" width=\"756\" height=\"169\" src=\"https:\/\/www.zschodov-nejdecka.cz\/wp-content\/uploads\/2021\/03\/Logo_E.png\" alt=\"\" class=\"wp-image-654\" style=\"width:473px;height:105px\" srcset=\"https:\/\/www.zschodov-nejdecka.cz\/wp-content\/uploads\/2021\/03\/Logo_E.png 756w, https:\/\/www.zschodov-nejdecka.cz\/wp-content\/uploads\/2021\/03\/Logo_E-300x67.png 300w, https:\/\/www.zschodov-nejdecka.cz\/wp-content\/uploads\/2021\/03\/Logo_E-750x169.png 750w\" sizes=\"auto, (max-width: 756px) 100vw, 756px\" \/><\/figure>\n\n\n\n<p>Od z\u00e1\u0159\u00ed 2021 \u0161kola realizuje projekt v r\u00e1mci Podpory \u0161kol formou projekt\u016f zjednodu\u0161en\u00e9ho vykazov\u00e1n\u00ed \u2013 \u0160ablony pro M\u0160 a Z\u0160 III. na obdob\u00ed 2021\u20132023. <strong>Realizovan\u00fd projekt &#8222;\u0160kola nemus\u00ed b\u00fdt probl\u00e9m III.&#8220;, <\/strong>CZ.02.3.X\/0.0\/0.0\/20_080\/0022301 se zam\u011b\u0159uje na: zlep\u0161en\u00ed kvality vzd\u011bl\u00e1n\u00ed a v\u00fdsledk\u016f \u017e\u00e1k\u016f v kl\u00ed\u010dov\u00fdch kompetenc\u00edch formou projektov\u00fdch dn\u016f, vyu\u017eit\u00ed ICT ve vzd\u011bl\u00e1v\u00e1n\u00ed a dou\u010dov\u00e1n\u00ed \u017e\u00e1k\u016f ohro\u017een\u00fdch \u0161koln\u00edm ne\u00fasp\u011bchem.<\/p>\n\n\n\n<p class=\"has-vivid-green-cyan-background-color has-background\"><strong>Projekt &#8222;\u0160kola nemus\u00ed b\u00fdt probl\u00e9m II.&#8220;<\/strong><\/p>\n\n\n\n<p>\u0160kola realizovala v letech 2019 &#8211; 2021 projekt v r\u00e1mci Podpory \u0161kol formou projekt\u016f zjednodu\u0161en\u00e9ho vykazov\u00e1n\u00ed \u2013 \u0160ablony pro M\u0160 a Z\u0160 II. na obdob\u00ed 2019\u20132021.                                <strong>Realizovan\u00fd projekt &#8222;\u0160kola nemus\u00ed b\u00fdt probl\u00e9m II.&#8220;, <\/strong>CZ.02.3.68\/0.0\/0.0\/18_063\/0015915 se zam\u011b\u0159oval na: zlep\u0161en\u00ed kvality vzd\u011bl\u00e1n\u00ed a v\u00fdsledk\u016f \u017e\u00e1k\u016f v kl\u00ed\u010dov\u00fdch kompetenc\u00edch formou projektov\u00fdch dn\u016f, vyu\u017eit\u00ed ICT ve vzd\u011bl\u00e1v\u00e1n\u00ed, vzd\u011bl\u00e1v\u00e1n\u00ed pedagogick\u00fdch pracovn\u00edk\u016f (OSV, ICT, projektov\u00e1 v\u00fduka, matematick\u00e1 gramotnost a ciz\u00ed jazyky) a dou\u010dov\u00e1n\u00ed \u017e\u00e1k\u016f ohro\u017een\u00fdch \u0161koln\u00edm ne\u00fasp\u011bchem.<\/p>\n\n\n\n<p class=\"has-background\" style=\"background-color:#f9f69a\"><strong>Projekt &#8222;\u0160kola nemus\u00ed b\u00fdt probl\u00e9m I.&#8220;<\/strong><\/p>\n\n\n\n<p>V letech 2016-2018 \u0161kola realizovala projekt Podpora \u0161kol formou projekt\u016f zjednodu\u0161en\u00e9ho vykazov\u00e1n\u00ed \u2013 \u0160ablony pro M\u0160 a Z\u0160 I. na obdob\u00ed 2016\u20132018. <strong>Realizovan\u00fd projekt &#8222;\u0160kola nemus\u00ed b\u00fdt probl\u00e9m I.&#8220;, <\/strong>CZ.02.3.68\/0.0\/0.0\/16_022\/0007694 byl zam\u011b\u0159en na : zlep\u0161en\u00ed kvality vzd\u011bl\u00e1n\u00ed, pedagogov\u00e9 \u0161koly se v&nbsp;r\u00e1mci projektu zapojili do aktivit k&nbsp;pos\u00edlen\u00ed pedagogick\u00fdch kompetenc\u00ed v&nbsp;oblasti \u010dten\u00e1\u0159sk\u00e9 a matematick\u00e9 gramotnost, vz\u00e1jemn\u00e9 spolupr\u00e1ce pedagog\u016f, tandemov\u00e9 v\u00fduky a monitoringu.  \u017d\u00e1k\u016fm ohro\u017een\u00fdm \u0161koln\u00edm ne\u00fasp\u011bchem bylo po celou dobu realizace projektu poskytov\u00e1no dou\u010dov\u00e1n\u00ed.<\/p>\n\n\n\n<p class=\"has-background\" style=\"background-color:#ffc9d7\"><strong>Grantov\u00fd projekt &#8222;\u0160kola nemus\u00ed b\u00fdt probl\u00e9m&#8220;<\/strong><\/p>\n\n\n\n<p>Od 2012 do roku 2014 se stala \u0161kola p\u0159\u00edjemcem finan\u010dn\u00ed podpory z Opera\u010dn\u00edho programu Vzd\u011bl\u00e1v\u00e1n\u00ed pro konkurenceschopnost na realizaci <strong>grantov\u00e9ho projektu &#8222;\u0160kola nemus\u00ed b\u00fdt probl\u00e9m&#8220;<\/strong>, kter\u00fd byl za\u0159azen do prioritn\u00ed osy &#8222;Po\u010d\u00e1te\u010dn\u00ed vzd\u011bl\u00e1v\u00e1n\u00ed&#8220; a oblasti podpory &#8222;Rovn\u00e9 p\u0159\u00edle\u017eitosti d\u011bt\u00ed a \u017e\u00e1k\u016f, v\u010detn\u011b d\u011bt\u00ed a \u017e\u00e1k\u016f se speci\u00e1ln\u00edmi vzd\u011bl\u00e1vac\u00edmi pot\u0159ebami &#8222;. Projekt je zam\u011b\u0159en na problematiku vzd\u011bl\u00e1v\u00e1n\u00ed \u017e\u00e1k\u016f se speci\u00e1ln\u00edmi vzd\u011bl\u00e1vac\u00edmi pot\u0159ebami. C\u00edlem projektu byla inovace a implementace \u0161koln\u00edho vzd\u011bl\u00e1vac\u00edho programu, v\u010dasn\u00e1 p\u00e9\u010de o d\u011bti se sociokulturn\u00edm znev\u00fdhodn\u011bn\u00edm a vytvo\u0159en\u00ed speci\u00e1ln\u011b pedagogick\u00e9ho a psychologick\u00e9ho m\u00edsta, kter\u00e9 bylo zapojeno do reedukace a kompenzace speci\u00e1ln\u00edch vzd\u011bl\u00e1vac\u00edch pot\u0159eb \u017e\u00e1k\u016f chodovsk\u00fdch \u0161kol. Aktivitami projektu se \u0159e\u0161ily v\u00fdvojov\u00e9 poruchy \u0159e\u010di d\u011bt\u00ed p\u0159ed\u0161koln\u00edho a mlad\u0161\u00edho \u0161koln\u00edho v\u011bku a celkov\u00fd rozvoj osobnosti d\u011bt\u00ed od 3 let ze sociokulturn\u011b znev\u00fdhodn\u011bn\u00e9ho prost\u0159ed\u00ed, co\u017e napom\u00e1h\u00e1 p\u0159edch\u00e1zet \u0161koln\u00ed ne\u00fasp\u011b\u0161nosti. Projekt nab\u00edzel vzd\u011bl\u00e1v\u00e1n\u00ed pedagog\u016fm v oblasti speci\u00e1ln\u00ed pedagogiky a funk\u010dn\u00edch gramotnost\u00ed. C\u00edlov\u00fdmi skupinami byly d\u011bti od 3 let se sociokulturn\u00edm znev\u00fdhodn\u011bn\u00edm a jejich rodi\u010de, \u017e\u00e1ci se speci\u00e1ln\u00edmi vzd\u011bl\u00e1vac\u00edmi pot\u0159ebami a pedagogov\u00e9. Projekt zaji\u0161\u0165ovali pedagogov\u00e9 a speci\u00e1ln\u00ed pedagogov\u00e9 \u0161koly, \u0161koln\u00ed psycholog a \u0161koln\u00ed logoped.<\/p>\n\n\n\n<p class=\"has-background\" style=\"background-color:#c0fce4\"><strong>Projekt ESF &#8222;U\u010d\u00edme se interaktivn\u011b&#8220;<\/strong><\/p>\n\n\n\n<p>Od ledna 2011 do \u010dervence 2013 \u0161kola realizovala v r\u00e1mci akce &#8222;EU pen\u00edze \u0161kol\u00e1m&#8220; projekt &#8222;U\u010d\u00edme se interaktivn\u011b&#8220;s reg.\u010d.CZ.1.07\/1.4.00\/21.0965 zam\u011b\u0159en\u00fd na inovaci a zkvalitn\u011bn\u00ed v\u00fduky prost\u0159ednictv\u00edm ICT. V r\u00e1mci kl\u00ed\u010dov\u00e9 aktivity Inovace a zkvalitn\u011bn\u00ed v\u00fduky prost\u0159ednictv\u00edm ICT&nbsp; bylo vytvo\u0159eno 12 sad (240 ks) inovovan\u00fdch digit\u00e1ln\u00edch u\u010debn\u00edch materi\u00e1l\u016f pro interaktivn\u00ed tabuli SMART Board. Pokud m\u00e1te z\u00e1jem o vyu\u017eit\u00ed vznikl\u00fdch interaktivn\u00edch materi\u00e1l\u016f, m\u016f\u017eete n\u00e1s kontaktovat na adrese: <a href=\"mailto:info@zschodov-nejdecka.cz\" target=\"_blank\" rel=\"noreferrer noopener\">info@zschodov-nejdecka.cz<\/a> , r\u00e1di v\u00e1m konkr\u00e9tn\u00ed materi\u00e1ly za\u0161leme.<\/p>\n\n\n\n<p class=\"has-background\" style=\"background-color:#dbe4eb\"><strong>Grantov\u00fd projekt &#8222;U\u010d\u00edme se, abychom se v \u017eivot\u011b uplatnili&#8220;<\/strong><\/p>\n\n\n\n<div class=\"wp-block-group\"><div class=\"wp-block-group__inner-container is-layout-flow wp-block-group-is-layout-flow\">\n<p>Od 18. prosince 2008 do 31. prosince 2010 byla na\u0161e \u0161kola p\u0159\u00edjemcem finan\u010dn\u00ed podpory z Opera\u010dn\u00edho programu.  Vzd\u011bl\u00e1v\u00e1n\u00ed pro konkurenceschopnost a realizovala grantov\u00fd projekt &#8222;U\u010d\u00edme se, abychom se v \u017eivot\u011b uplatnili&#8220;, kter\u00fd byl za\u0159azen do prioritn\u00ed osy &#8222;Po\u010d\u00e1te\u010dn\u00ed vzd\u011bl\u00e1v\u00e1n\u00ed&#8220; a oblasti podpory &#8222;Rovn\u00e9 p\u0159\u00edle\u017eitosti d\u011bt\u00ed a \u017e\u00e1k\u016f, v\u010detn\u011b d\u011bt\u00ed a \u017e\u00e1k\u016f se speci\u00e1ln\u00edmi vzd\u011bl\u00e1vac\u00edmi pot\u0159ebami &#8222;.&nbsp;<\/p>\n<\/div><\/div>\n","protected":false},"excerpt":{"rendered":"<p>Projekt &#8222;Podpora vzd\u011bl\u00e1n\u00ed se vyplat\u00ed&#8220; &#8211; IMPLEMENTACE REFORMY 3.2.2 N\u00c1RODN\u00cdHO\u00a0PL\u00c1NU OBNOVY \u0160kola je od ledna 2023 zapojena do N\u00e1rodn\u00edho pl\u00e1nu &hellip; <\/p>\n","protected":false},"author":4,"featured_media":0,"parent":0,"menu_order":0,"comment_status":"closed","ping_status":"closed","template":"","meta":{"footnotes":""},"class_list":["post-648","page","type-page","status-publish","hentry"],"_links":{"self":[{"href":"https:\/\/www.zschodov-nejdecka.cz\/index.php\/wp-json\/wp\/v2\/pages\/648","targetHints":{"allow":["GET"]}}],"collection":[{"href":"https:\/\/www.zschodov-nejdecka.cz\/index.php\/wp-json\/wp\/v2\/pages"}],"about":[{"href":"https:\/\/www.zschodov-nejdecka.cz\/index.php\/wp-json\/wp\/v2\/types\/page"}],"author":[{"embeddable":true,"href":"https:\/\/www.zschodov-nejdecka.cz\/index.php\/wp-json\/wp\/v2\/users\/4"}],"replies":[{"embeddable":true,"href":"https:\/\/www.zschodov-nejdecka.cz\/index.php\/wp-json\/wp\/v2\/comments?post=648"}],"version-history":[{"count":11,"href":"https:\/\/www.zschodov-nejdecka.cz\/index.php\/wp-json\/wp\/v2\/pages\/648\/revisions"}],"predecessor-version":[{"id":4273,"href":"https:\/\/www.zschodov-nejdecka.cz\/index.php\/wp-json\/wp\/v2\/pages\/648\/revisions\/4273"}],"wp:attachment":[{"href":"https:\/\/www.zschodov-nejdecka.cz\/index.php\/wp-json\/wp\/v2\/media?parent=648"}],"curies":[{"name":"wp","href":"https:\/\/api.w.org\/{rel}","templated":true}]}}