{"id":9,"date":"2021-02-19T12:19:34","date_gmt":"2021-02-19T12:19:34","guid":{"rendered":"http:\/\/www.zschodov-nejdecka.cz\/?page_id=9"},"modified":"2026-02-05T17:52:37","modified_gmt":"2026-02-05T16:52:37","slug":"aktuality","status":"publish","type":"page","link":"https:\/\/www.zschodov-nejdecka.cz\/index.php\/aktuality\/","title":{"rendered":"Aktu\u00e1ln\u011b"},"content":{"rendered":"\n<p class=\"has-white-color has-text-color has-background has-link-color wp-elements-a304ce379a7cb5d13eae2c84aa2fd677\" style=\"background:linear-gradient(338deg,rgb(74,234,220) 0%,rgb(151,120,209) 20%,rgb(207,42,186) 40%,rgb(238,44,130) 60%,rgb(251,105,98) 80%,rgb(254,248,76) 100%);font-size:15px\"><strong>ST\u011aHOV\u00c1N\u00cd PRACOVI\u0160T\u011a \u0160KOLY Z NEJDECK\u00c9 ULICE NA HUSOVU ULICI<\/strong><\/p>\n\n\n\n<p style=\"font-size:15px\">V\u00e1\u017een\u00ed rodi\u010de a z\u00e1konn\u00ed z\u00e1stupci,<\/p>\n\n\n\n<p style=\"font-size:15px\">p\u0159es pr\u00e1zdniny bude pracovi\u0161t\u011b \u0161koly v Nejdeck\u00e9 ulici fyzicky p\u0159est\u011bhov\u00e1no do hlavn\u00ed budovy \u0161koly v Husov\u011b ulici. \u0160koln\u00ed rok 2025\/2026 bude slavnostn\u011b zah\u00e1jen 1. z\u00e1\u0159\u00ed v nov\u00fdch t\u0159\u00edd\u00e1ch v budov\u011b v Husov\u011b ul. <\/p>\n\n\n\n<p style=\"font-size:15px\">T\u0159\u00eddy Z\u0160 speci\u00e1ln\u00ed budou nad\u00e1le s\u00eddlit na odlou\u010den\u00e9m pracovi\u0161ti ve \u0160koln\u00ed ul.<\/p>\n\n\n\n<p style=\"font-size:15px\">D\u011bkuji za pochopen\u00ed<\/p>\n\n\n\n<p style=\"font-size:15px\">Mgr. Iva Jurne\u010dkov\u00e1, \u0158\u0160<\/p>\n\n\n\n<p style=\"font-size:10px\">Datum vlo\u017een\u00ed 23. 7. 2025<\/p>\n\n\n\n<p class=\"has-white-color has-cool-to-warm-spectrum-gradient-background has-text-color has-background has-link-color wp-elements-65ac497cd236a34c70e478b631feb6a2\" style=\"font-size:15px\"><strong>RODI\u010cOVSK\u00c1 PORADNA<\/strong><\/p>\n\n\n\n<p style=\"font-size:15px\">V\u00e1\u017een\u00ed rodi\u010de \u2013 z\u00e1konn\u00ed z\u00e1stupci \u017e\u00e1k\u016f,<\/p>\n\n\n\n<p style=\"font-size:15px\">Typy jak zvl\u00e1dat n\u00e1ro\u010dn\u00e9 situace s d\u011btmi, jak d\u011btem v\u011bci vysv\u011btlit, kam se obr\u00e1tit, kde z\u00edskat radu, jak z\u00edskat du\u0161evn\u00ed pohodu\u2026<\/p>\n\n\n\n<figure class=\"wp-block-table is-style-stripes has-small-font-size\"><table class=\"has-background\" style=\"background-color:#0781e354\"><tbody><tr><td><strong>OT\u00c1ZKA<\/strong><\/td><td><strong>ODKAZ<\/strong><\/td><\/tr><tr><td>Doporu\u010den\u00ed \u2013 komunikace s d\u011btmi<\/td><td><a href=\"https:\/\/www.zschodov-nejdecka.cz\/wp-content\/uploads\/2024\/01\/Komunikace_s_ditetem.pdf\" target=\"_blank\" rel=\"noreferrer noopener\">https:\/\/www.zschodov-nejdecka.cz\/wp-content\/uploads\/2024\/01\/Komunikace_s_ditetem.pdf<\/a><\/td><\/tr><tr><td>Jak z\u00edskat du\u0161evn\u00ed pohodu<\/td><td><a href=\"https:\/\/podcasters.spotify.com\/pod\/show\/linka-bezpeci\">https:\/\/podcasters.spotify.com\/pod\/show\/linka-bezpeci<\/a><\/td><\/tr><tr><td>Desatero proti strachu<\/td><td><a href=\"https:\/\/www.zschodov-nejdecka.cz\/wp-content\/uploads\/2024\/01\/Utok_1.pdf\" target=\"_blank\" rel=\"noreferrer noopener\">https:\/\/www.zschodov-nejdecka.cz\/wp-content\/uploads\/2024\/01\/Utok_1.pdf<\/a><\/td><\/tr><tr><td>Jak mluvit s d\u011btmi o tragick\u00e9 ud\u00e1losti<\/td><td><a href=\"https:\/\/www.zschodov-nejdecka.cz\/wp-content\/uploads\/2024\/01\/Tragicka_udalost.pdf\" target=\"_blank\" rel=\"noreferrer noopener\">https:\/\/www.zschodov-nejdecka.cz\/wp-content\/uploads\/2024\/01\/Tragicka_udalost.pdf<\/a><\/td><\/tr><tr><td>Desatero proti vzdoru<\/td><td><a href=\"https:\/\/www.zschodov-nejdecka.cz\/wp-content\/uploads\/2024\/01\/5_desatero_pri_vzdoru.pdf\" target=\"_blank\" rel=\"noreferrer noopener\">https:\/\/www.zschodov-nejdecka.cz\/wp-content\/uploads\/2024\/01\/5_desatero_pri_vzdoru.pdf<\/a><\/td><\/tr><tr><td>Jak zm\u00edrnit strach z v\u00e1lky v UA<\/td><td><a href=\"https:\/\/www.zschodov-nejdecka.cz\/wp-content\/uploads\/2024\/01\/tipy-pro-adolescenty.pdf\" target=\"_blank\" rel=\"noreferrer noopener\">https:\/\/www.zschodov-nejdecka.cz\/wp-content\/uploads\/2024\/01\/tipy-pro-adolescenty.pdf<\/a><\/td><\/tr><tr><td>M\u00e9 d\u00edt\u011b se radikalizuje<\/td><td><a href=\"https:\/\/podcasters.spotify.com\/pod\/show\/linka-bezpeci\/episodes\/Extremistou-ve-tincti-e1ua8ul\" target=\"_blank\" rel=\"noreferrer noopener\">https:\/\/podcasters.spotify.com\/pod\/show\/linka-bezpeci\/episodes\/Extremistou-ve-tincti-e1ua8ul<\/a><\/td><\/tr><tr><td>Truchl\u00edc\u00ed d\u00edt\u011b<\/td><td><a href=\"https:\/\/issuu.com\/cestadomu\/docs\/35zpusobu_jak_pomoci_truchlicimu_di\" target=\"_blank\" rel=\"noreferrer noopener\">https:\/\/issuu.com\/cestadomu\/docs\/35zpusobu_jak_pomoci_truchlicimu_di<\/a><\/td><\/tr><tr><td>Jak podpo\u0159it spr\u00e1vn\u00e9 chov\u00e1n\u00ed<\/td><td><a href=\"https:\/\/www.zschodov-nejdecka.cz\/wp-content\/uploads\/2024\/01\/Spravne_chovani.pdf\" target=\"_blank\" rel=\"noreferrer noopener\">https:\/\/www.zschodov-nejdecka.cz\/wp-content\/uploads\/2024\/01\/Spravne_chovani.pdf<\/a><\/td><\/tr><tr><td>Jak nastavit hranice chov\u00e1n\u00ed<\/td><td><a href=\"https:\/\/www.zschodov-nejdecka.cz\/wp-content\/uploads\/2024\/01\/Nastaveni_hranice.pdf\" target=\"_blank\" rel=\"noreferrer noopener\">https:\/\/www.zschodov-nejdecka.cz\/wp-content\/uploads\/2024\/01\/Nastaveni_hranice.pdf<\/a><\/td><\/tr><tr><td><\/td><td><\/td><\/tr><\/tbody><\/table><\/figure>\n\n\n\n<p style=\"font-size:15px\"><strong>KDE HLEDAT POMOC<\/strong><\/p>\n\n\n\n<figure class=\"wp-block-table is-style-stripes has-small-font-size\"><table class=\"has-background\" style=\"background-color:#ffb700b0\"><tbody><tr><td>PPP Karlovy Vary<\/td><td>602 572 887<\/td><\/tr><tr><td>Linka pro rodinu a&nbsp;\u0161kolu<\/td><td>116 000<\/td><\/tr><tr><td>Rodi\u010dovsk\u00e1 linka&nbsp;(Sdru\u017een\u00ed Linky bezpe\u010d\u00ed)<\/td><td>606 021 021<\/td><\/tr><tr><td>Linka pro m\u00e1my a t\u00e1ty (Aperio)<\/td><td>739&nbsp;416 408<\/td><\/tr><tr><td>Linka podpory pro rodi\u010de a pe\u010duj\u00edc\u00ed osoby, (Spole\u010dnost pro ranou p\u00e9\u010di)<\/td><td>601&nbsp;541&nbsp;780<\/td><\/tr><tr><td>Linka EDA, &nbsp;(zejm\u00e9na pro rodi\u010de a&nbsp;bl\u00edzk\u00e9 d\u011bt\u00ed s&nbsp;posti\u017een\u00edm, v\u00e1\u017enou diagn\u00f3zou \u010di po \u00farazu)<\/td><td>800 405 060<\/td><\/tr><tr><td>Krizov\u00e9 centrum pro d\u011bti a rodinu<\/td><td>778&nbsp;111&nbsp;282<\/td><\/tr><\/tbody><\/table><\/figure>\n\n\n\n<p style=\"font-size:15px\">Mgr. Iva Jurne\u010dkov\u00e1, \u0159editelka \u0161koly<\/p>\n\n\n\n<p style=\"font-size:12px\"><small>Datum vlo\u017een\u00ed 20. 2. 202<\/small>5<\/p>\n\n\n\n<p class=\"has-electric-grass-gradient-background has-background\"><\/p>\n\n\n\n<p><br><\/p>\n","protected":false},"excerpt":{"rendered":"<p>ST\u011aHOV\u00c1N\u00cd PRACOVI\u0160T\u011a \u0160KOLY Z NEJDECK\u00c9 ULICE NA HUSOVU ULICI V\u00e1\u017een\u00ed rodi\u010de a z\u00e1konn\u00ed z\u00e1stupci, p\u0159es pr\u00e1zdniny bude pracovi\u0161t\u011b \u0161koly v &hellip; <\/p>\n","protected":false},"author":4,"featured_media":3355,"parent":0,"menu_order":0,"comment_status":"closed","ping_status":"closed","template":"","meta":{"footnotes":""},"class_list":["post-9","page","type-page","status-publish","has-post-thumbnail","hentry"],"_links":{"self":[{"href":"https:\/\/www.zschodov-nejdecka.cz\/index.php\/wp-json\/wp\/v2\/pages\/9","targetHints":{"allow":["GET"]}}],"collection":[{"href":"https:\/\/www.zschodov-nejdecka.cz\/index.php\/wp-json\/wp\/v2\/pages"}],"about":[{"href":"https:\/\/www.zschodov-nejdecka.cz\/index.php\/wp-json\/wp\/v2\/types\/page"}],"author":[{"embeddable":true,"href":"https:\/\/www.zschodov-nejdecka.cz\/index.php\/wp-json\/wp\/v2\/users\/4"}],"replies":[{"embeddable":true,"href":"https:\/\/www.zschodov-nejdecka.cz\/index.php\/wp-json\/wp\/v2\/comments?post=9"}],"version-history":[{"count":76,"href":"https:\/\/www.zschodov-nejdecka.cz\/index.php\/wp-json\/wp\/v2\/pages\/9\/revisions"}],"predecessor-version":[{"id":4840,"href":"https:\/\/www.zschodov-nejdecka.cz\/index.php\/wp-json\/wp\/v2\/pages\/9\/revisions\/4840"}],"wp:featuredmedia":[{"embeddable":true,"href":"https:\/\/www.zschodov-nejdecka.cz\/index.php\/wp-json\/wp\/v2\/media\/3355"}],"wp:attachment":[{"href":"https:\/\/www.zschodov-nejdecka.cz\/index.php\/wp-json\/wp\/v2\/media?parent=9"}],"curies":[{"name":"wp","href":"https:\/\/api.w.org\/{rel}","templated":true}]}}

Aktuálně

<p class="has-white-color has-text-color has-background has-link-color wp-elements-a304ce379a7cb5d13eae2c84aa2fd677" style="background:linear-gradient(338deg,rgb(74,234,220) 0%,rgb(151,120,209) 20%,rgb(207,42,186) 40%,rgb(238,44,130) 60%,rgb(251,105,98) 80%,rgb(254,248,76) 100%);font-size:15px"><strong>STĚHOVÁNÍ PRACOVIŠTĚ ŠKOLY Z NEJDECKÉ ULICE NA HUSOVU ULICI</strong></p>



<p style="font-size:15px">Vážení rodiče a zákonní zástupci,</p>



<p style="font-size:15px">přes prázdniny bude pracoviště školy v Nejdecké ulici fyzicky přestěhováno do hlavní budovy školy v Husově ulici. Školní rok 2025/2026 bude slavnostně zahájen 1. září v nových třídách v budově v Husově ul. </p>



<p style="font-size:15px">Třídy ZŠ speciální budou nadále sídlit na odloučeném pracovišti ve Školní ul.</p>



<p style="font-size:15px">Děkuji za pochopení</p>



<p style="font-size:15px">Mgr. Iva Jurnečková, ŘŠ</p>



<p style="font-size:10px">Datum vložení 23. 7. 2025</p>



<p class="has-white-color has-cool-to-warm-spectrum-gradient-background has-text-color has-background has-link-color wp-elements-65ac497cd236a34c70e478b631feb6a2" style="font-size:15px"><strong>RODIČOVSKÁ PORADNA</strong></p>



<p style="font-size:15px">Vážení rodiče – zákonní zástupci žáků,</p>



<p style="font-size:15px">Typy jak zvládat náročné situace s dětmi, jak dětem věci vysvětlit, kam se obrátit, kde získat radu, jak získat duševní pohodu…</p>



<figure class="wp-block-table is-style-stripes has-small-font-size"><table class="has-background" style="background-color:#0781e354"><tbody><tr><td><strong>OTÁZKA</strong></td><td><strong>ODKAZ</strong></td></tr><tr><td>Doporučení – komunikace s dětmi</td><td><a href="https://www.zschodov-nejdecka.cz/wp-content/uploads/2024/01/Komunikace_s_ditetem.pdf" target="_blank" rel="noreferrer noopener">https://www.zschodov-nejdecka.cz/wp-content/uploads/2024/01/Komunikace_s_ditetem.pdf</a></td></tr><tr><td>Jak získat duševní pohodu</td><td><a href="https://podcasters.spotify.com/pod/show/linka-bezpeci">https://podcasters.spotify.com/pod/show/linka-bezpeci</a></td></tr><tr><td>Desatero proti strachu</td><td><a href="https://www.zschodov-nejdecka.cz/wp-content/uploads/2024/01/Utok_1.pdf" target="_blank" rel="noreferrer noopener">https://www.zschodov-nejdecka.cz/wp-content/uploads/2024/01/Utok_1.pdf</a></td></tr><tr><td>Jak mluvit s dětmi o tragické události</td><td><a href="https://www.zschodov-nejdecka.cz/wp-content/uploads/2024/01/Tragicka_udalost.pdf" target="_blank" rel="noreferrer noopener">https://www.zschodov-nejdecka.cz/wp-content/uploads/2024/01/Tragicka_udalost.pdf</a></td></tr><tr><td>Desatero proti vzdoru</td><td><a href="https://www.zschodov-nejdecka.cz/wp-content/uploads/2024/01/5_desatero_pri_vzdoru.pdf" target="_blank" rel="noreferrer noopener">https://www.zschodov-nejdecka.cz/wp-content/uploads/2024/01/5_desatero_pri_vzdoru.pdf</a></td></tr><tr><td>Jak zmírnit strach z války v UA</td><td><a href="https://www.zschodov-nejdecka.cz/wp-content/uploads/2024/01/tipy-pro-adolescenty.pdf" target="_blank" rel="noreferrer noopener">https://www.zschodov-nejdecka.cz/wp-content/uploads/2024/01/tipy-pro-adolescenty.pdf</a></td></tr><tr><td>Mé dítě se radikalizuje</td><td><a href="https://podcasters.spotify.com/pod/show/linka-bezpeci/episodes/Extremistou-ve-tincti-e1ua8ul" target="_blank" rel="noreferrer noopener">https://podcasters.spotify.com/pod/show/linka-bezpeci/episodes/Extremistou-ve-tincti-e1ua8ul</a></td></tr><tr><td>Truchlící dítě</td><td><a href="https://issuu.com/cestadomu/docs/35zpusobu_jak_pomoci_truchlicimu_di" target="_blank" rel="noreferrer noopener">https://issuu.com/cestadomu/docs/35zpusobu_jak_pomoci_truchlicimu_di</a></td></tr><tr><td>Jak podpořit správné chování</td><td><a href="https://www.zschodov-nejdecka.cz/wp-content/uploads/2024/01/Spravne_chovani.pdf" target="_blank" rel="noreferrer noopener">https://www.zschodov-nejdecka.cz/wp-content/uploads/2024/01/Spravne_chovani.pdf</a></td></tr><tr><td>Jak nastavit hranice chování</td><td><a href="https://www.zschodov-nejdecka.cz/wp-content/uploads/2024/01/Nastaveni_hranice.pdf" target="_blank" rel="noreferrer noopener">https://www.zschodov-nejdecka.cz/wp-content/uploads/2024/01/Nastaveni_hranice.pdf</a></td></tr><tr><td></td><td></td></tr></tbody></table></figure>



<p style="font-size:15px"><strong>KDE HLEDAT POMOC</strong></p>



<figure class="wp-block-table is-style-stripes has-small-font-size"><table class="has-background" style="background-color:#ffb700b0"><tbody><tr><td>PPP Karlovy Vary</td><td>602 572 887</td></tr><tr><td>Linka pro rodinu a&nbsp;školu</td><td>116 000</td></tr><tr><td>Rodičovská linka&nbsp;(Sdružení Linky bezpečí)</td><td>606 021 021</td></tr><tr><td>Linka pro mámy a táty (Aperio)</td><td>739&nbsp;416 408</td></tr><tr><td>Linka podpory pro rodiče a pečující osoby, (Společnost pro ranou péči)</td><td>601&nbsp;541&nbsp;780</td></tr><tr><td>Linka EDA, &nbsp;(zejména pro rodiče a&nbsp;blízké dětí s&nbsp;postižením, vážnou diagnózou či po úrazu)</td><td>800 405 060</td></tr><tr><td>Krizové centrum pro děti a rodinu</td><td>778&nbsp;111&nbsp;282</td></tr></tbody></table></figure>



<p style="font-size:15px">Mgr. Iva Jurnečková, ředitelka školy</p>



<p style="font-size:12px"><small>Datum vložení 20. 2. 202</small>5</p>



<p class="has-electric-grass-gradient-background has-background"></p>



<p><br></p>

<p>STĚHOVÁNÍ PRACOVIŠTĚ ŠKOLY Z NEJDECKÉ ULICE NA HUSOVU ULICI Vážení rodiče a zákonní zástupci, přes prázdniny bude pracoviště školy v &hellip; </p>
